{"id":23849,"date":"2026-03-26T16:06:19","date_gmt":"2026-03-26T15:06:19","guid":{"rendered":"https:\/\/www.confindustria.it\/?post_type=events&#038;p=23849"},"modified":"2026-04-08T15:08:31","modified_gmt":"2026-04-08T13:08:31","slug":"presentation-7-annual-report-of-the-national-observatory-on-enterprise-networks","status":"publish","type":"events","link":"https:\/\/www.confindustria.it\/en\/events\/presentation-7-annual-report-of-the-national-observatory-on-enterprise-networks\/","title":{"rendered":"Presentation of the 7th Annual Report of the National Observatory on Enterprise Networks"},"content":{"rendered":"<p>Monday <strong>20 April<\/strong>, at 3 p.m, <strong>in Naples<\/strong>, at <strong>Partanna Palace<\/strong> (Piazza dei Martiri 58), will be presented the<strong> 7\u00b0<\/strong> <strong>Annual Report of the National Observatory on Enterprise Networks<\/strong>, established by Universit\u00e0 C\u00e0 Foscari Venezia, InfoCamere and RetImpresa.<\/p>\n<p>The initiative is organised in cooperation with <strong>Small Industry Confindustria<\/strong> e <strong>PI Confindustria Campania<\/strong> and provides an opportunity to discuss the main trends characterising the evolution of network contracts and forms of collaboration between companies.<\/p>\n<p>The Report offers an up-to-date overview of network contracts, with a focus on creative and cultural enterprises, and in-depth analyses dedicated to the issues of coordination, leadership and performance. There is also a chapter, edited by <strong>RetImpresa<\/strong>, dedicated to incentives, skills and training for networks.<\/p>\n<p>Representatives of the founding partners of the\u2019<strong>Observatory<\/strong> and representatives of the institutional, associative and entrepreneurial worlds, at national and territorial level.<\/p>","protected":false},"excerpt":{"rendered":"<p>Luned\u00ec 20 aprile, alle ore 15.00, a Napoli, presso Palazzo Partanna (Piazza dei Martiri 58), sar\u00e0 presentato il 7\u00b0 Rapporto annuale dell&#8217;Osservatorio Nazionale sulle Reti d&#8217;Impresa, costituito da Universit\u00e0 C\u00e0 Foscari Venezia, InfoCamere e RetImpresa. L&#8217;iniziativa \u00e8 organizzata in collaborazione con Piccola Industria Confindustria e PI Confindustria Campania e rappresenta un&#8217;occasione di confronto sui principali [&hellip;]<\/p>","protected":false},"featured_media":23852,"menu_order":0,"template":"","meta":{"_acf_changed":false,"_et_pb_use_builder":"","_et_pb_old_content":"","_et_gb_content_width":"","footnotes":""},"in-evidenza":[80],"tag_globale":[106,119],"tema_globale":[],"events_category":[],"class_list":["post-23849","events","type-events","status-publish","has-post-thumbnail","hentry","in-evidenza-in-eventi-top","tag_globale-filiere-e-medie-imprese","tag_globale-piccola-industria"],"acf":{"full_date":"2026-04-20 00:00:00","full_date_fine":"","titolo":"","sottotitolo":"","sottotitolo_due":"","copertina":"","giorno":20,"month":"Apr","anno":"2026","dove":"Palazzo Partanna, Piazza dei Martiri, 58, 80121 Napoli NA","dove_link":"https:\/\/maps.app.goo.gl\/ZVRKVexJgJ1bRdNK7","orario":"","programma":{"ID":23970,"id":23970,"title":"Events Presentazione 7 Rapporto Annua A5 Reti Impresa 20.4.2026","filename":"events-presentazione-7-rapporto-annua-A5-reti-impresa-20.4.2026.pdf","filesize":702992,"url":"https:\/\/public.confindustria.it\/repository\/2026\/03\/02174956\/events-presentazione-7-rapporto-annua-A5-reti-impresa-20.4.2026.pdf","link":"https:\/\/www.confindustria.it\/en\/events\/presentation-7-annual-report-of-the-national-observatory-on-enterprise-networks\/events-presentazione-7-rapporto-annua-a5-reti-impresa-20-4-2026\/","alt":"","author":"23","description":"","caption":"","name":"events-presentazione-7-rapporto-annua-a5-reti-impresa-20-4-2026","status":"inherit","uploaded_to":23849,"date":"2026-04-02 15:49:56","modified":"2026-04-02 15:49:56","menu_order":0,"mime_type":"application\/pdf","type":"application","subtype":"pdf","icon":"https:\/\/www.confindustria.it\/wp\/wp-includes\/images\/media\/document.png"},"nome_allegato_1":"","allegati":"","nome_allegato_2":"","allegati_2":null,"nome_allegato_3":"","allegati_3":null,"nome_allegato_4":"","allegati_4":null,"nome_allegato_5":"","allegati_5":null,"link_di_registrazione":"https:\/\/docs.google.com\/forms\/d\/e\/1FAIpQLSfTuBivllsOvplofjHv9vNRZ8IVG67stDIXzzdHZv8LAqd3Mg\/viewform?pli=1","partners":null,"contatti_evento":"","allegati_evento":null,"contatti_repeater_news":"","persone_repeater_news":""},"_links":{"self":[{"href":"https:\/\/www.confindustria.it\/en\/wp-json\/wp\/v2\/events\/23849","targetHints":{"allow":["GET"]}}],"collection":[{"href":"https:\/\/www.confindustria.it\/en\/wp-json\/wp\/v2\/events"}],"about":[{"href":"https:\/\/www.confindustria.it\/en\/wp-json\/wp\/v2\/types\/events"}],"version-history":[{"count":0,"href":"https:\/\/www.confindustria.it\/en\/wp-json\/wp\/v2\/events\/23849\/revisions"}],"wp:featuredmedia":[{"embeddable":true,"href":"https:\/\/www.confindustria.it\/en\/wp-json\/wp\/v2\/media\/23852"}],"wp:attachment":[{"href":"https:\/\/www.confindustria.it\/en\/wp-json\/wp\/v2\/media?parent=23849"}],"wp:term":[{"taxonomy":"in-evidenza","embeddable":true,"href":"https:\/\/www.confindustria.it\/en\/wp-json\/wp\/v2\/in-evidenza?post=23849"},{"taxonomy":"tag_globale","embeddable":true,"href":"https:\/\/www.confindustria.it\/en\/wp-json\/wp\/v2\/tag_globale?post=23849"},{"taxonomy":"tema_globale","embeddable":true,"href":"https:\/\/www.confindustria.it\/en\/wp-json\/wp\/v2\/tema_globale?post=23849"},{"taxonomy":"events_category","embeddable":true,"href":"https:\/\/www.confindustria.it\/en\/wp-json\/wp\/v2\/events_category?post=23849"}],"curies":[{"name":"wp","href":"https:\/\/api.w.org\/{rel}","templated":true}]}}

<p>Monday <strong>20 April</strong>, at 3 p.m, <strong>in Naples</strong>, at <strong>Partanna Palace</strong> (Piazza dei Martiri 58), will be presented the<strong> 7°</strong> <strong>Annual Report of the National Observatory on Enterprise Networks</strong>, established by Università Cà Foscari Venezia, InfoCamere and RetImpresa.</p>
<p>The initiative is organised in cooperation with <strong>Small Industry Confindustria</strong> e <strong>PI Confindustria Campania</strong> and provides an opportunity to discuss the main trends characterising the evolution of network contracts and forms of collaboration between companies.</p>
<p>The Report offers an up-to-date overview of network contracts, with a focus on creative and cultural enterprises, and in-depth analyses dedicated to the issues of coordination, leadership and performance. There is also a chapter, edited by <strong>RetImpresa</strong>, dedicated to incentives, skills and training for networks.</p>
<p>Representatives of the founding partners of the’<strong>Observatory</strong> and representatives of the institutional, associative and entrepreneurial worlds, at national and territorial level.</p>

<p>Lunedì 20 aprile, alle ore 15.00, a Napoli, presso Palazzo Partanna (Piazza dei Martiri 58), sarà presentato il 7° Rapporto annuale dell&#8217;Osservatorio Nazionale sulle Reti d&#8217;Impresa, costituito da Università Cà Foscari Venezia, InfoCamere e RetImpresa. L&#8217;iniziativa è organizzata in collaborazione con Piccola Industria Confindustria e PI Confindustria Campania e rappresenta un&#8217;occasione di confronto sui principali [&hellip;]</p>
